{"id":1008,"date":"2022-11-08T20:15:27","date_gmt":"2022-11-08T20:15:27","guid":{"rendered":"https:\/\/cleantecsa.com\/?page_id=1008"},"modified":"2022-11-08T20:15:29","modified_gmt":"2022-11-08T20:15:29","slug":"renovador-de-loza-sanitaria","status":"publish","type":"page","link":"https:\/\/cleantecsa.com\/?page_id=1008","title":{"rendered":"Renovador de loza Sanitaria"},"content":{"rendered":"\n<p><mark style=\"background-color:rgba(0, 0, 0, 0)\" class=\"has-inline-color has-vivid-cyan-blue-color\">BOWL-CLEAN <\/mark>Es un producto formulado espec\u00edficamente para sanidad y desinfecci\u00f3n<br>en general de loza sanitaria y lavaderos en general, adem\u00e1s act\u00faa como controlador de<br>bacterias, moho y eliminador de olores desagradables ocasionados por los g\u00e9rmenes.  <\/p>\n\n\n\n<p><br>Tiene una acci\u00f3n germicida insuperable ya que el producto contiene una<br>combinaci\u00f3n de compuestos de amonios cuaternarios y coeficientes fen\u00f3licos, cada uno de<br>los cuales complementa la acci\u00f3n sanitizante y germicida del otro. El resultado es un<br>poderoso sanitizante con efectividad contra un amplio espectro de microorganismos<br>incluyendo los Staphylococcus, Aureus y Salmonella Typhosa.<\/p>\n\n\n\n<p><br><strong><mark style=\"background-color:rgba(0, 0, 0, 0)\" class=\"has-inline-color has-vivid-cyan-blue-color\">Es 100% biodegradable, lo que garantiza la conservaci\u00f3n del medio<br>ambiente.<\/mark><\/strong> <\/p>\n\n\n\n<p><br><mark style=\"background-color:rgba(0, 0, 0, 0)\" class=\"has-inline-color has-vivid-cyan-blue-color\">Excelentes resultados en:<\/mark><br>-Restaurantes<br>-F\u00e1bricas en general<br>-Hoteles<br>-Colegios<br>-Instituciones en general<\/p>\n\n\n\n<figure class=\"wp-block-image size-full\"><img fetchpriority=\"high\" decoding=\"async\" width=\"612\" height=\"408\" src=\"https:\/\/cleantecsa.com\/wp-content\/uploads\/2022\/11\/BowlClean.png\" alt=\"\" class=\"wp-image-1010\" srcset=\"https:\/\/cleantecsa.com\/wp-content\/uploads\/2022\/11\/BowlClean.png 612w, https:\/\/cleantecsa.com\/wp-content\/uploads\/2022\/11\/BowlClean-300x200.png 300w, https:\/\/cleantecsa.com\/wp-content\/uploads\/2022\/11\/BowlClean-600x400.png 600w\" sizes=\"(max-width: 612px) 100vw, 612px\" \/><\/figure>\n","protected":false},"excerpt":{"rendered":"<p>BOWL-CLEAN Es un producto formulado espec\u00edficamente para sanidad y desinfecci\u00f3nen general de loza sanitaria y lavaderos en general, adem\u00e1s act\u00faa como controlador debacterias, moho y&hellip;<\/p>\n","protected":false},"author":2,"featured_media":1010,"parent":0,"menu_order":0,"comment_status":"closed","ping_status":"closed","template":"","meta":{"_joinchat":[],"footnotes":""},"class_list":["post-1008","page","type-page","status-publish","has-post-thumbnail","hentry"],"_links":{"self":[{"href":"https:\/\/cleantecsa.com\/index.php?rest_route=\/wp\/v2\/pages\/1008","targetHints":{"allow":["GET"]}}],"collection":[{"href":"https:\/\/cleantecsa.com\/index.php?rest_route=\/wp\/v2\/pages"}],"about":[{"href":"https:\/\/cleantecsa.com\/index.php?rest_route=\/wp\/v2\/types\/page"}],"author":[{"embeddable":true,"href":"https:\/\/cleantecsa.com\/index.php?rest_route=\/wp\/v2\/users\/2"}],"replies":[{"embeddable":true,"href":"https:\/\/cleantecsa.com\/index.php?rest_route=%2Fwp%2Fv2%2Fcomments&post=1008"}],"version-history":[{"count":2,"href":"https:\/\/cleantecsa.com\/index.php?rest_route=\/wp\/v2\/pages\/1008\/revisions"}],"predecessor-version":[{"id":1011,"href":"https:\/\/cleantecsa.com\/index.php?rest_route=\/wp\/v2\/pages\/1008\/revisions\/1011"}],"wp:featuredmedia":[{"embeddable":true,"href":"https:\/\/cleantecsa.com\/index.php?rest_route=\/wp\/v2\/media\/1010"}],"wp:attachment":[{"href":"https:\/\/cleantecsa.com\/index.php?rest_route=%2Fwp%2Fv2%2Fmedia&parent=1008"}],"curies":[{"name":"wp","href":"https:\/\/api.w.org\/{rel}","templated":true}]}}